nd 96?
32
What is the highest common factor of 3654 and 4771428?
174
Calculate the greatest common factor of 724 and 4352869.
181
What is the highest common factor of 35 and 1268854895?
35
Calculate the greatest common divisor of 16164 and 360792.
36
Calculate the highest common divisor of 2976 and 13568.
32
What is the greatest common factor of 872425 and 1900?
25
Calculate the greatest common factor of 78 and 258646102.
26
Calculate the highest common factor of 562 and 3299783.
281
Calculate the greatest common divisor of 62927984 and 16478.
1498
What is the highest common divisor of 10836 and 74322?
18
What is the greatest common divisor of 215956566 and 378?
126
What is the greatest common divisor of 1815 and 692580?
15
What is the greatest common factor of 215196 and 19068?
2724
Calculate the greatest common factor of 364 and 25488064.
28
Calculate the greatest common factor of 1654244 and 18005.
277
Calculate the highest common divisor of 195728 and 113724.
52
Calculate the highest common factor of 26 and 83860660.
26
What is the greatest common factor of 121248 and 199197?
9
What is the highest common factor of 14 and 8606990?
14
Calculate the highest common divisor of 360 and 99009720.
360
Calculate the highest common divisor of 21529729 and 5018.
2509
Calculate the highest common factor of 2000 and 19936000.
2000
What is the highest common divisor of 12255 and 137465?
95
What is the highest common divisor of 2785770 and 52650?
1170
What is the greatest common divisor of 70 and 1371470?
10
What is the highest common divisor of 2898 and 7463358?
126
What is the highest common divisor of 685399 and 4225?
13
What is the highest common divisor of 20848 and 3859486?
2606
Calculate the greatest common factor of 279741 and 553014.
1617
What is the highest common factor of 10876401 and 207?
207
What is the highest common factor of 15526 and 2566?
2
What is the greatest common divisor of 1208 and 3112?
8
What is the greatest common factor of 104555367 and 1764?
441
What is the highest common divisor of 5382 and 676338?
1794
Calculate the greatest common factor of 251504 and 15928.
88
What is the highest common factor of 170464 and 121744?
112
Calculate the greatest common divisor of 156 and 5697354.
78
Calculate the highest common factor of 462 and 94974.
66
What is the highest common divisor of 137205093 and 1668?
417
What is the highest common divisor of 22729 and 30243?
17
What is the greatest common divisor of 2736 and 3344846184?
1368
What is the highest common factor of 127294418 and 716?
358
What is the highest common divisor of 2825676 and 3?
3
Calculate the highest common divisor of 1577510 and 5555.
55
What is the highest common factor of 727974 and 7548?
102
What is the greatest common divisor of 2963826 and 1242?
414
What is the highest common divisor of 14329116 and 2432?
76
What is the highest common factor of 563169483 and 2403?
2403
Calculate the highest common divisor of 306216 and 27018.
18
What is the greatest common divisor of 14898 and 13113678?
1146
Calculate the highest common divisor of 1652948 and 32868.
44
Calculate the greatest common divisor of 150723780 and 120.
60
What is the greatest common divisor of 116467504 and 19176?
376
Calculate the highest common factor of 14842 and 572606.
82
What is the greatest common factor of 13288670 and 2030?
290
What is the greatest common factor of 42010351 and 2484?
23
Calculate the highest common divisor of 200741 and 547024.
191
Calculate the greatest common factor of 40644219 and 231.
231
Calculate the greatest common factor of 601125498 and 24.
6
What is the highest common factor of 19614 and 768789?
21
Calculate the highest common divisor of 4382048 and 32450.
1298
Calculate the greatest common factor of 24 and 58050192.
24
Calculate the highest common divisor of 9520 and 251923.
119
Calculate the highest common divisor of 55999703 and 79.
79
What is the greatest common factor of 3555 and 2873094120?
3555
What is the greatest common divisor of 599604 and 92249?
29
Calculate the highest common factor of 101925 and 14421255.
2265
Calculate the greatest common divisor of 18432 and 33972480.
2304
What is the highest common factor of 1072 and 1267005376?
1072
What is the highest common factor of 18 and 65344959?
9
Calculate the highest common factor of 22679850 and 60.
30
What is the greatest common factor of 308 and 390992?
28
Calculate the greatest common factor of 328933 and 37301.
11
Calculate the greatest common divisor of 671 and 1193104.
11
Calculate the highest common divisor of 1330451 and 309.
103
Calculate the greatest common factor of 168576 and 138624.
384
Calculate the greatest common factor of 12192702 and 174.
174
What is the greatest common divisor of 896 and 1941856?
224
What is the highest common factor of 63 and 1637694?
9
What is the highest common divisor of 6167431 and 482?
241
Calculate the highest common factor of 10296 and 3844152.
936
Calculate the greatest common factor of 171 and 3703851.
9
What is the greatest common divisor of 12518487 and 3006?
1503
What is the highest common divisor of 42844981 and 17?
17
Calculate the greatest common factor of 24426 and 1601260.
2714
Calculate the greatest common factor of 2372166 and 150903.
729
What is the greatest common divisor of 1215402 and 6?
6
Calculate the highest common divisor of 114019 and 203953163.
6707
Calculate the greatest common factor of 226389 and 19367357.
4439
Calculate the greatest common factor of 762480 and 1408320.
2160
Calculate the highest common divisor of 38376 and 6895044.
468
What is the highest common divisor of 18184209 and 4?
1
Calculate the highest common divisor of 121 and 2742432451.
121
Calculate the greatest common divisor of 38726698 and 4.
2
What is the greatest common factor of 23334 and 1722?
6
Calculate the highest common divisor of 318 and 9503218.
106
Calculate the greatest common factor of 661440 and 660.
60
What is the greatest common divisor of 1010052 and 8?
4
What is the greatest common divisor of 426686 and 125138?
26
What is the greatest common factor of 949620 and 243355?
595
Calculate the highest common divisor of 6426 and 4467974.
238
Calculate the highest common factor of 49837 and 4539803.
1159
Calculate the highest common factor of 369736997 and 49.
49
Calculate the highest common factor of 1470 and 6973365.
105
Calculate the highest common divisor of 1026963 and 231.
21
What is the greatest common divisor of 53658 and 136818?
198
What is the greatest common divisor of 3960270 and 360?
90
Calculate the greatest common factor of 1151670 and 2953.
2953
What is the greatest common divisor of 7984151 and 262499?
2323
What is the highest common divisor of 159195 and 6945?
15
What is the greatest common divisor of 534 and 105951474?
534
What is the greatest common divisor of 58 and 3177791?
29
Calculate the highest common factor of 1224 and 147034632.
408
What is the highest common factor of 7939219 and 903?
43
Calculate the greatest common divisor of 1172808 and 5572.
28
What is the highest common factor of 226568 and 2485112?
1784
Calculate the greatest common factor of 6130244 and 8667.
107
What is the greatest common factor of 3246936 and 7896?
168
What is the greatest common divisor of 7774850 and 10480?
1310
What is the highest common divisor of 4283438 and 6026?
262
What is the greatest common divisor of 2135 and 570512565?
2135
Calculate the highest common divisor of 5485248 and 130752.
576
What is the highest common divisor of 36995 and 1901090?
755
What is the highest common divisor of 96 and 210389232?
48
What is the highest common factor of 84 and 3382113?
21
What is the highest common divisor of 72 and 12213387?
9
What is the highest common factor of 141 and 44217647?
47
What is the highest common divisor of 655986 and 234?
6
What is the highest common divisor of 3048 and 148207984?
1016
What is the highest common factor of 240 and 115386?
6
Calculate the highest common divisor of 886315 and 17261630.
8605
What is the highest common factor of 163224180 and 120?
60
Calculate the highest common divisor of 19766376 and 731.
17
What is the greatest common factor of 53 and 206117?
53
What is the highest common factor of 32 and 28052536?
8
Calculat